{"id":433,"date":"2021-04-13T10:59:48","date_gmt":"2021-04-13T08:59:48","guid":{"rendered":"https:\/\/cpberbinzana.educacion.navarra.es\/web\/?page_id=433"},"modified":"2023-01-30T09:38:29","modified_gmt":"2023-01-30T08:38:29","slug":"bienvenidos-al-sitio-web-del-cp-rio-arga-de-berbinzana","status":"publish","type":"page","link":"https:\/\/cpberbinzana.educacion.navarra.es\/web\/bienvenidos-al-sitio-web-del-cp-rio-arga-de-berbinzana\/","title":{"rendered":"Bienvenidos"},"content":{"rendered":"\n<p>El Colegio P\u00fablico R\u00edo Arga situado en la localidad de Berbinzana, os quiere hacer part\u00edcipe de todas las actividades y novedades relacionadas con el centro a trav\u00e9s de la p\u00e1gina Web. <\/p>\n\n\n\n<p><\/p>\n\n\n\n<figure class=\"wp-block-image size-large\"><img loading=\"lazy\" width=\"551\" height=\"261\" src=\"https:\/\/cpberbinzana.educacion.navarra.es\/web\/wp-content\/uploads\/2021\/02\/LOGO.png\" alt=\"\" class=\"wp-image-409\" srcset=\"https:\/\/cpberbinzana.educacion.navarra.es\/web\/wp-content\/uploads\/2021\/02\/LOGO.png 551w, https:\/\/cpberbinzana.educacion.navarra.es\/web\/wp-content\/uploads\/2021\/02\/LOGO-300x142.png 300w\" sizes=\"(max-width: 551px) 100vw, 551px\" \/><\/figure>\n\n\n\n<p><\/p>\n","protected":false},"excerpt":{"rendered":"<p>El Colegio P\u00fablico R\u00edo Arga situado en la localidad de Berbinzana, os quiere hacer part\u00edcipe de todas las actividades y novedades relacionadas con el centro a trav\u00e9s de la p\u00e1gina Web.<\/p>\n","protected":false},"author":1,"featured_media":0,"parent":0,"menu_order":0,"comment_status":"closed","ping_status":"closed","template":"","meta":[],"_links":{"self":[{"href":"https:\/\/cpberbinzana.educacion.navarra.es\/web\/wp-json\/wp\/v2\/pages\/433"}],"collection":[{"href":"https:\/\/cpberbinzana.educacion.navarra.es\/web\/wp-json\/wp\/v2\/pages"}],"about":[{"href":"https:\/\/cpberbinzana.educacion.navarra.es\/web\/wp-json\/wp\/v2\/types\/page"}],"author":[{"embeddable":true,"href":"https:\/\/cpberbinzana.educacion.navarra.es\/web\/wp-json\/wp\/v2\/users\/1"}],"replies":[{"embeddable":true,"href":"https:\/\/cpberbinzana.educacion.navarra.es\/web\/wp-json\/wp\/v2\/comments?post=433"}],"version-history":[{"count":3,"href":"https:\/\/cpberbinzana.educacion.navarra.es\/web\/wp-json\/wp\/v2\/pages\/433\/revisions"}],"predecessor-version":[{"id":529,"href":"https:\/\/cpberbinzana.educacion.navarra.es\/web\/wp-json\/wp\/v2\/pages\/433\/revisions\/529"}],"wp:attachment":[{"href":"https:\/\/cpberbinzana.educacion.navarra.es\/web\/wp-json\/wp\/v2\/media?parent=433"}],"curies":[{"name":"wp","href":"https:\/\/api.w.org\/{rel}","templated":true}]}}

<p>El Colegio Público Río Arga situado en la localidad de Berbinzana, os quiere hacer partícipe de todas las actividades y novedades relacionadas con el centro a través de la página Web. </p>



<p></p>



<figure class="wp-block-image size-large"><img loading="lazy" width="551" height="261" src="https://cpberbinzana.educacion.navarra.es/web/wp-content/uploads/2021/02/LOGO.png" alt="" class="wp-image-409" srcset="https://cpberbinzana.educacion.navarra.es/web/wp-content/uploads/2021/02/LOGO.png 551w, https://cpberbinzana.educacion.navarra.es/web/wp-content/uploads/2021/02/LOGO-300x142.png 300w" sizes="(max-width: 551px) 100vw, 551px" /></figure>



<p></p>

<p>El Colegio Público Río Arga situado en la localidad de Berbinzana, os quiere hacer partícipe de todas las actividades y novedades relacionadas con el centro a través de la página Web.</p>
